he value of -1 + -6 - (11 - (17 + (-15 - -24)))?
8
What is -10 + -1 + 32 + -19 + -11?
-9
20 - (16 + -10 - 16 - -7)
23
6 + -3 + (1 - 4) - -5 - 15
-10
What is the value of -17 - 12 - -13 - -7?
-9
6 + -2 + -33 + 17 + 2
-10
What is 1 + 0 - (-3 + -18 + 31)?
-9
What is the value of -17 + 14 - 8 - -1?
-10
Evaluate -3 - ((-1 - -7) + (-104 - -101)).
-6
What is the value of 6 - (-13 + -1 + (6 - -1) + -18)?
31
What is 3 + (15 - (20 + 12)) - 20?
-34
10 - ((33 - (2 - 2)) + (57 - 52))
-28
What is the value of 2 + 4 - (2 + -2 - -2)?
4
Calculate (-1 + -1 - (-49 + 27)) + -8.
12
-1 + -4 - ((4 - (2 + 6)) + 11)
-12
(21 - (0 + 0)) + -2 + 32 + -37
14
Calculate (35 - 26) + -19 + -1.
-11
-3 + -3 + 16 + (18 - 39)
-11
What is the value of -26 - -12 - -13 - (6 - -4)?
-11
Evaluate -31 + (4 - -16) + -15 + -14.
-40
What is -3 - -17 - (5 + (-7 - -7)) - 5?
4
Evaluate 1 - 15 - (-37 + -52 + 94).
-19
(13 - 41) + -4 - (4 + -16)
-20
-36 - ((0 - (-25 + 40)) + (11 - -1))
-33
What is -30 - (-3 - -4 - 4) - (-105 + 100)?
-22
Calculate 2 - 2 - (10 + -15 + 10 + 6).
-11
-8 + (13 - (-1 + 0)) - -12
18
16 + 1 + (-21 - -15)
11
Calculate 8 + (14 - (3 + 15)).
4
-20 - -16 - (-6 + 1 - 0 - -30)
-29
What is -28 + 67 + -36 + -7?
-4
-11 + 15 + 0 + 1 + -30 - -8
-17
Evaluate 3 - 8 - (-3 + -1 + (-10 - -4)).
5
Evaluate -10 - ((7 - 32) + 20).
-5
Calculate 22 - (-4 + 2 - (-27 - (8 - 31))).
20
What is the value of -16 - (-189 + 197 + (0 - 2))?
-22
1 + 0 + 14 - (-2 + 7 + 2)
8
Calculate (-3 - 4 - -5) + -1 + -3 + 2.
-4
What is 9 - (-5 + 1 + 5 + (1 - 2))?
9
What is 4 - (0 + (21 - 21)) - (-1 + 28)?
-23
Evaluate -15 - -10 - -15 - (26 + -3).
-13
What is the value of -34 - (13 + -41) - (23 + 4 - 0)?
-33
What is 277 + -281 - (1 - -4)?
-9
Calculate 5 + (-7 - (-4 + 4)) + -6.
-8
What is the value of -24 + 19 + 3 + (-2 - -1) + 30?
27
Evaluate (4 - 2) + (2 - -1) - (-2063 + 2055).
13
What is 0 + -37 - -38 - (1 - -11)?
-11
Evaluate 11 - 0 - ((-2 - -3) + (40 - 41)).
11
What is 10 + -10 - (-21 - (13 + -23))?
11
What is the value of (-3 - -6) + -25 + (33 - 18)?
-7
What is the value of -27 + 21 - 16 - 1?
-23
8 + 0 + (0 - 1) + 3
10
(-6 - -6 - (1 - -6)) + 5 + -1
-3
What is the value of -1 + 82 - (2440 - 2395)?
36
Calculate -18 + (28 - (27 - 19)).
2
What is the value of (6 + -3 - (-3 - 0)) + -4?
2
Calculate -6 - (3 + -7) - -8 - 5.
1
What is 4 - (-8 - (16 + -18))?
10
What is 2 - ((0 - -2) + (-8 - -9) + 1)?
-2
What is 203 + -205 + 8 + -1?
5
Calculate 2 + 1 + -2 + -1 - (303 + -305).
2
Evaluate (7 - 7) + 2 + -4 - (12 - 20).
6
Calculate -4 + (15 - 24 - (-4 + -1)).
-8
Calculate 5 + -12 - -7 - -10 - 8.
2
What is the value of 4 - ((11 - 1) + -11)?
5
Calculate (10 - 9 - (2 + 8)) + 9.
0
What is -54 - -62 - (15 + -2)?
-5
0 - 6 - ((4 - (16 - 22)) + -35)
19
(12 - (-37 + 26 - (1 - 19))) + 25
30
What is the value of (0 - -1) + (5 - (21 + -13 + 5))?
-7
What is (-9 + -5 - (-3 + -7)) + 0 + -1?
-5
What is (0 - -5) + -3 + (-13 - -3) + 20?
12
Calculate (-16 - -1) + 29 + 0 + -22.
-8
Evaluate 3 + 1 + (1 + -6 - -3).
2
What is (-85 - -83) + (2 + 9 - 2) - -10?
17
What is 125 + -128 + (-2 - 3)?
-8
What is the value of 0 + (-5 - ((-5 - 2) + 0) - -7)?
9
What is -4 - (1 + (8 - 12)) - 0?
-1
Calculate 28 + (-1 - (43 - 32 - (-1 + 9))).
24
Calculate -5 + (1 - -2) + (26 - 20).
4
What is (-3 - 4) + 8 - (7 + -1)?
-5
Calculate 1 + -3 + 32 + (-18 - (-4 - 12)).
28
What is 34 + (-32 - 23) + 35?
14
What is the value of 0 + (26 - 29 - -3)?
0
Calculate -11 - (1 + (-1 - 0) - (-106 - -111)).
-6
Calculate -35 + (30 - 10) - (-1 - -3).
-17
Evaluate 0 + -9 + (7 - (13 - 16)).
1
Evaluate 23 + 35 + -65 - 21.
-28
Calculate -6 + (4 + -5 + 3 - -10 - 5).
1
What is (27 + -11 - (0 + -4)) + 6 + -7?
19
What is (-903 - -889) + 2 + (-4 - -3) + -1?
-14
Evaluate 19 - ((7 - (-1 + 18 + -5)) + 7).
17
What is the value of (-12 - (-6 - 19)) + -11?
2
Evaluate -10 - (-13 - (-17 + 26)).
12
Calculate 35 + -8 + 8 - 2.
33
Evaluate 19 - ((-5 - -28) + -8 + -1).
5
Calculate -9 - (20 - -2) - 6.
-37
Evaluate -3 - (-90 - -48) - 42.
-3
What is (4 - 15) + (-2 - (-16 - -17))?
-14
Calculate 36 - 44 - (22 - 62).
32
Calculate 12 + -4 + 4 + -2.
10
Calculate (259 - 262) + 1 + 24.
22
What is (-25 - -9 - (-2 - (-3 - -3))) + 7?
-7
Calculate -224 + 230 - (-1 + (-1 + -1 - -18)).
-9
What is -1 + -10 + (19 - 10) + -3?
-5
Evaluate -6 - (8 - -3) - (10 - 17).
-10
Calculate 11 - -2 - (-13 + 3 + 15).
8
What is the value of (9 - -1) + 4 - 11?
3
16 + -25 + 18 - -2
11
(11 - 0 - (-1 + 9) - -3) + -5
1
What is the value of -5 + 3 + 0 - ((-12 - -5) + 15)?
-10
(22 - 12) + (3 - -2) - (5 + -4)
14
8 + -22 - 0 - -3
-11
What is the value of -5 - (-6 + -8 - -10)?
-1
2 - ((9 - 3) + -11)
7
Calculate (-587 - -599) + (0 - -23).
35
What is 42 + (-2 - -3) - (-79 - -92)?
30
3 + -3 + 6 - (-29 + 24 - -7)
4
Calculate 0 - (-7 + -11 - (11 - 39)).
-10
What is the value of (-13 - -4) + -1 - (-42 - -34)?
-2
18 + 8 - 34 - -32
24
Evaluate -9 + (-3 - -6 - (0 + 2 + 9)).
-17
-667 - -663 - ((-14 - 3) + -3)
16
(10 - (-5 - -4)) + (12 + -56 - 5)
-38
What is the value of -6 - (-7 - (8 + -14 - (-3 - 14)))?
12
21 + -42 + 26 - -1
6
Calculate 2 + 10 + (17 - (-17 + 40)).
6
-3 - -7 - (39 + -54)
19
-23 + (0 - -18) + 0 + -1 + 2
-4
Evaluate (-1 - (-3 + 5) - -2) + (-57 - -52).
-6
Calculate (3 + 5 - (46 + -39)) + 9.
10
Calculate 13 + -38 - (-14 + -22).
11
What is the value of 14 + -32 - (5 + 11 - 8)?
-26
-29 - (18 + -46 - -8)
-9
Evaluate (0 - (0 - 2)) + (-25 - (-8 - 3)).
-12
(-31 - (16 + -20)) + 60
33
What is the value of -3 - (-40 - -75 - 39 - (-1 + -7))?
-7
What is the value of 5 + (4 - -7) + -16?
0
What is 25 + 2 - (-5 - ((-1 - 1) + -7))?
23
Evaluate 3 + -8 - (3 - (3 - (12 - 0))).
-17
What is 14 + -2 + 11 + (9 - 24) + 7?
15
Evaluate -7 - (1 + 0 - (9 + 11 + -13)).
-1
What is -5 + 14 + -35 - -12?
-14
Calculate -5 + (-14 - 0) + 23.
4
Calculate -2 + -1 + 2 + -5 + 1 - 1.
-6
Evaluate 14 - (-17 - (6 - 9 - 5)).
23
Calculate 5 - ((-22 - -11) + 45).
-29
What is the value of 0 - -10 - (-38 - -59) - -2?
-9
-6 + -5 + 17 + (-10 - 3)
-7
What is the value of -7 + (6 - 12) + -1 + 5?
-9
What is -11 - (1 - 3) - 12?
-21
What is 12 - 0 - (-229 + 224)?
17
What is 9 - (80 + -82) - (0 + 1 - 0)?
10
What is -22 + 19 - ((-6 - -8) + -28)?
23
What is (-1 - -17 - (6 - -5)) + 0 + 2?
7
(-3 - -5) + -10 - (6 + -2 - 7)
-5
Calculate (-39 - -34) + (18 - 2).
11
What is 2 + -3 - (4 - (22 - 19))?
-2
What is (5 - (-1 + -4)) + -11 + -9?
-10
(27 - 28) + 1 + 17
17
What is the value of 26 + -36 + -4 + 0?
-14
Evaluate (15 - 49) + 27 - -31.
24
Evaluate (59 - (28 - -10)) + (-8 - (-1 + 0)).
14
Evaluate 11 - 3 - (14 + -9).
3
What is ((-5 - 5) + (-13 - -31) - 5) + 19?
22
37 + -5 + -6 + -5
21
Evaluate 25 + (-8 - 14 - -8).
11
25 + -46 + 19 - -2
0
What is the value of 1 + (0 - (-8 + 4) - 6) + 0?
-1
Calculate 14 + -4 - (-2 - -3) - (-3 + 9).
3
Calculate -3 - (40 + -45 - (0 - -2)).
4
What is (-3 - -2) + 3 - -3 - (0 + 8)?
-3
18 + (2 - (-1 + (6 - 4) + 2))
17
What is the value of -1 - 10 - (10 + -6 + 1)?
-16
-2 - (-4 - (-7 + (1 - 0)))
-4
What is -1 - (3 + 12 + -11) - (-3 - -19)?
-21
What is -6 - 1 - (-29 + 38)?
-16
-1 + 8 + -17 - (-2 - -4) - 8
-20
What is (1 - -13 - 9) + -2 - (0 + 14)?
-11
What is the value of (7 + 23 - 13) + 1 + -7 - 3?
8
What is the value of 7 - (-1 + 18 + -4 + (14 - 20))?
0
What is the value of -27 - (-28 + -7) - -12?
20
What is 87 + -81 - (3 - (14 - (2 + -1)))?
16
Evaluate 13 - (14 - (-8 + 12)).
3
Calculate 3 + 0 + -26 + -27 + 62.
12
What is the value of -7 + 43 - (21 + -7)?
22
Evaluate -15 + 23 + (-7 - (-12 - 8)).
21
Calculate 14 - ((8 - -5) + 22 + 1).
-22
Evaluate (8 - (10 + -6 + 18)) + -10.
-24
Calculate 19 + -19 + -5 - 18.
-23
Calculate -39 - -29 - (-2 + -4).
-4
What is 20 + 1 + -10 + -28 + 34?
17
Calculate (-25 - -37) + (3 - (-1 + 6)) + 5.
15
Evaluate -574 - -576 - (3 - (3 + -1 + 0)).
1
-36 + (52 - 17) - -31
30
What is -6 + (-4 + 10 + (6 - 13) - -2)?
-5
What is the value of -49 - (20 + (-85 - -30))?
-14
Calculate (0 - 7) + (27 - -5 - 5).
20
Calculate (7 - (-5 - -2) - 4 - 8) + 3.
1
What is 11 - (2 - -37) - (-8 - 0)?
-20
Evaluate -21 - (2 - ((0 - 9) + 12)).
-20
Evaluate 1 - (7 - -2) - (2 - 16).
6
-1 - 1 - (-14 - -5 - -2 - 7)
12
-7 + 6 + -1 + 7
5
Evaluate 280 - 296 - (2 - (-2 + 58)).
38
What is 0 - (1 + -6 - (13 + (-11 - -2)))?
9
Calculate 1 + (-7 - -13 - 9) + -2 + 3.
-1
Calculate -9 + (-2 - 1) + (3 - -6).